f 256 and 534784.
256
Calculate the greatest common factor of 9660 and 100.
20
What is the greatest common factor of 7955 and 28305?
185
What is the greatest common divisor of 1425 and 323646?
57
Calculate the highest common divisor of 188 and 126806.
94
Calculate the greatest common divisor of 188002 and 230.
46
What is the highest common divisor of 1450 and 693825?
725
Calculate the greatest common factor of 2 and 428.
2
Calculate the highest common factor of 30 and 109750.
10
Calculate the highest common divisor of 87305 and 190.
95
Calculate the highest common divisor of 432453 and 77.
7
What is the greatest common divisor of 37 and 368335?
37
Calculate the greatest common factor of 3484 and 377880.
268
Calculate the highest common divisor of 1533389 and 286.
143
Calculate the greatest common divisor of 14 and 1230362.
14
Calculate the highest common divisor of 968 and 40172.
484
What is the greatest common divisor of 54 and 2739042?
54
Calculate the highest common factor of 9 and 79731.
9
Calculate the greatest common divisor of 55741 and 7.
7
Calculate the greatest common divisor of 158999 and 1115.
223
What is the highest common factor of 9210 and 1695?
15
Calculate the greatest common factor of 57 and 778430.
19
What is the greatest common divisor of 147906 and 3498?
66
Calculate the highest common factor of 858885 and 15.
15
What is the greatest common divisor of 10808 and 200?
8
Calculate the greatest common divisor of 3200 and 407900.
100
Calculate the greatest common factor of 45 and 278310.
15
Calculate the greatest common divisor of 16 and 44152.
8
What is the greatest common factor of 515618 and 2678?
206
What is the highest common factor of 183756 and 48?
12
What is the highest common divisor of 39 and 3965?
13
Calculate the highest common factor of 3774920 and 114.
38
Calculate the greatest common factor of 11576 and 64.
8
What is the highest common divisor of 14 and 2470748?
14
Calculate the highest common divisor of 147623 and 7.
7
Calculate the greatest common divisor of 8797 and 1007.
19
Calculate the greatest common divisor of 2302960 and 198.
22
What is the highest common factor of 14 and 49294?
14
What is the highest common divisor of 28791 and 567?
63
What is the highest common factor of 482 and 113270?
482
Calculate the greatest common divisor of 202 and 13029.
101
What is the greatest common divisor of 20820 and 60?
60
Calculate the greatest common divisor of 703800 and 12000.
600
What is the greatest common divisor of 5511 and 2171?
167
Calculate the highest common divisor of 6600 and 4540.
20
Calculate the highest common factor of 16472 and 348.
116
Calculate the highest common factor of 8 and 2736284.
4
Calculate the greatest common factor of 1497 and 10859238.
1497
Calculate the greatest common divisor of 722 and 50198.
38
Calculate the greatest common divisor of 1144 and 469832.
88
Calculate the greatest common factor of 302 and 67799.
151
What is the highest common factor of 188 and 2477840?
188
What is the highest common factor of 343 and 105301?
343
What is the highest common divisor of 1591 and 30451?
37
Calculate the highest common factor of 1222 and 4747.
47
Calculate the highest common divisor of 627 and 10317.
57
What is the greatest common factor of 2435 and 456319?
487
Calculate the greatest common factor of 6441 and 678.
339
What is the highest common factor of 260 and 2476045?
65
Calculate the highest common factor of 1323 and 57456.
189
Calculate the greatest common factor of 9620 and 325.
65
What is the highest common divisor of 304 and 8341?
19
What is the greatest common divisor of 8122000 and 16?
16
What is the greatest common divisor of 43778 and 56763?
371
What is the highest common divisor of 7803 and 408?
51
Calculate the highest common factor of 8185 and 20.
5
Calculate the highest common factor of 18 and 909.
9
Calculate the highest common factor of 321747 and 69.
69
Calculate the highest common factor of 17845443 and 121.
121
Calculate the highest common factor of 19 and 690080.
19
What is the highest common divisor of 24 and 13506?
6
What is the greatest common divisor of 45 and 584235?
45
What is the highest common divisor of 3953 and 17018?
67
Calculate the greatest common factor of 511753 and 11.
11
Calculate the highest common factor of 12513 and 11610.
129
Calculate the highest common divisor of 926 and 250483.
463
Calculate the highest common factor of 5698 and 70.
14
Calculate the greatest common divisor of 7296 and 64128.
384
What is the highest common factor of 26 and 424294?
26
Calculate the greatest common factor of 55447 and 5607.
623
What is the greatest common divisor of 30 and 60765?
15
Calculate the highest common divisor of 990 and 5715.
45
What is the highest common factor of 3189640 and 15?
5
Calculate the highest common factor of 380767 and 19721.
1517
Calculate the highest common divisor of 1857802 and 184.
46
What is the greatest common factor of 4725 and 11907?
189
Calculate the highest common factor of 120 and 51540.
60
What is the highest common factor of 54 and 56079?
27
Calculate the highest common divisor of 73 and 5701373.
73
What is the greatest common factor of 446146 and 111?
37
Calculate the greatest common divisor of 2037 and 10311.
21
What is the greatest common divisor of 53552 and 232?
8
Calculate the greatest common factor of 2616 and 12324.
12
What is the highest common factor of 526 and 459461?
263
What is the highest common factor of 18396 and 219876?
876
What is the highest common factor of 596 and 78076?
596
Calculate the greatest common divisor of 8078 and 406.
14
What is the greatest common factor of 3575 and 521235?
715
What is the greatest common divisor of 8904 and 45792?
1272
What is the greatest common factor of 8227 and 1843?
19
Calculate the highest common divisor of 36468 and 72.
36
What is the greatest common factor of 162 and 190107?
81
Calculate the greatest common factor of 2608 and 144.
16
What is the greatest common factor of 134480 and 32?
16
What is the highest common divisor of 125 and 7675?
25
What is the greatest common divisor of 1944647 and 2482?
1241
What is the greatest common factor of 532 and 697585?
133
Calculate the greatest common divisor of 46 and 216936.
46
Calculate the greatest common divisor of 2 and 332952.
2
What is the greatest common divisor of 2346 and 3264?
102
Calculate the greatest common divisor of 2779 and 217.
7
Calculate the highest common divisor of 300 and 255456.
12
What is the greatest common factor of 16128 and 1071?
63
What is the greatest common divisor of 1988 and 2?
2
Calculate the highest common divisor of 6365 and 1139.
67
Calculate the greatest common divisor of 1690 and 16.
2
What is the highest common divisor of 121 and 143638?
11
Calculate the greatest common divisor of 263 and 76007.
263
What is the highest common divisor of 29 and 3839571?
29
Calculate the greatest common factor of 4842 and 1350.
18
What is the greatest common factor of 5263 and 1197?
19
Calculate the highest common factor of 2394 and 6650.
266
Calculate the highest common divisor of 207 and 605360.
23
Calculate the greatest common divisor of 16 and 206384.
16
Calculate the highest common divisor of 5994 and 11664.
162
Calculate the greatest common divisor of 332663 and 107.
107
What is the highest common factor of 35157 and 1?
1
Calculate the greatest common factor of 39909 and 3021.
159
What is the greatest common divisor of 2729 and 3?
1
What is the greatest common divisor of 3978 and 47034?
234
What is the greatest common divisor of 232059 and 8261?
751
Calculate the greatest common divisor of 51658 and 552.
46
What is the greatest common factor of 182 and 63518?
182
Calculate the greatest common factor of 26322 and 1968.
246
What is the highest common divisor of 18733 and 9301?
131
Calculate the highest common factor of 10395 and 684145.
385
What is the highest common divisor of 235641 and 3435?
687
Calculate the highest common factor of 10032 and 1197.
57
Calculate the greatest common factor of 3559212 and 36.
36
What is the highest common factor of 5275 and 3376?
211
What is the greatest common divisor of 122 and 343918?
122
Calculate the highest common divisor of 6 and 7167.
3
Calculate the greatest com